{"id":1775,"date":"2022-04-15T11:09:02","date_gmt":"2022-04-15T09:09:02","guid":{"rendered":"https:\/\/stadtlaborgraz.at\/?page_id=1775"},"modified":"2022-04-15T11:17:03","modified_gmt":"2022-04-15T09:17:03","slug":"katharina-schwarz","status":"publish","type":"page","link":"https:\/\/stadtlaborgraz.at\/de\/katharina-schwarz\/","title":{"rendered":"PERSON: Katharina Schwarz"},"content":{"rendered":"\n<div id=\"wp-block-themeisle-blocks-advanced-columns-63e191e0\" class=\"wp-block-themeisle-blocks-advanced-columns alignwide has-2-columns has-desktop-oneTwo-layout has-tablet-equal-layout has-mobile-equal-layout has-vertical-unset has-default-gap\"><div class=\"wp-block-themeisle-blocks-advanced-columns-overlay\"><\/div><div class=\"innerblocks-wrap\">\n<div id=\"wp-block-themeisle-blocks-advanced-column-a8a1dc81\" class=\"wp-block-themeisle-blocks-advanced-column\"><div class=\"wp-block-image\">\n<figure class=\"alignright size-full is-resized\"><img loading=\"lazy\" decoding=\"async\" width=\"400\" height=\"400\" src=\"https:\/\/stadtlaborgraz.at\/wp-content\/uploads\/2022\/09\/katharina-Schwarz-Icon.png\" alt=\"\" class=\"wp-image-2888\" style=\"width:200px;height:200px\" srcset=\"https:\/\/stadtlaborgraz.at\/wp-content\/uploads\/2022\/09\/katharina-Schwarz-Icon.png 400w, https:\/\/stadtlaborgraz.at\/wp-content\/uploads\/2022\/09\/katharina-Schwarz-Icon-200x200.png 200w, https:\/\/stadtlaborgraz.at\/wp-content\/uploads\/2022\/09\/katharina-Schwarz-Icon-12x12.png 12w\" sizes=\"auto, (max-width: 400px) 100vw, 400px\" \/><\/figure>\n<\/div><\/div>\n\n\n\n<div id=\"wp-block-themeisle-blocks-advanced-column-c18f1063\" class=\"wp-block-themeisle-blocks-advanced-column\">\n<h2 class=\"wp-block-heading\"><strong><strong><strong><strong>Katharina Schwarz<\/strong><\/strong><\/strong><\/strong><\/h2>\n\n\n\n<p><strong>Landschaftsarchitektur- und Landschaftsplanung<\/strong><\/p>\n\n\n\n<p>T: <a href=\"tel:+436769055011\" data-type=\"tel\" data-id=\"tel:+436769055011\">+43 676 905 50 11<\/a><br>E: <a href=\"mailto:katharina.schwarz@stadtlaborgraz.at\">katharina.schwarz@stadtlaborgraz.at<\/a><\/p>\n\n\n\n<p>Kathi hat uns als Praktikantin so vom Hocker gerissen, dass wir sie im Anschluss direkt ins StadtLABOR-Team geholt haben. Sehr zur Freude alle Teetrinker:innen im B\u00fcro, da Kathi uns immer wieder mit neuen Teesorten \u00fcberrascht. Neben ihrem laufenden Masterstudium \u201eLandschaftsarchitektur und Landschaftsplanung\u201c an der Universit\u00e4t f\u00fcr Bodenkultur in Wien unterst\u00fctzt sie uns tatkr\u00e4ftig in zahlreichen Projekten. Ihre freundliche, hilfsbereite und gewinnende Art hat sie schnell zu einer gesch\u00e4tzten Ansprechpartnerin f\u00fcr alle Kolleg:innen und Projektpartner:innen gemacht.<\/p>\n\n\n\n<p>Ihre Freizeit verbringt sie genau so aktiv wie ihren Arbeitsalltag, n\u00e4mlich hoch zu Ross \u00fcber die Felder gallopierend und immer mit einem wachen Blick f\u00fcr Neues.<\/p>\n<\/div>\n<\/div><\/div>\n","protected":false},"excerpt":{"rendered":"","protected":false},"author":1,"featured_media":0,"parent":0,"menu_order":0,"comment_status":"closed","ping_status":"closed","template":"","meta":{"neve_meta_sidebar":"","neve_meta_container":"","neve_meta_enable_content_width":"","neve_meta_content_width":0,"neve_meta_title_alignment":"","neve_meta_author_avatar":"","neve_post_elements_order":"","neve_meta_disable_header":"","neve_meta_disable_footer":"","neve_meta_disable_title":"on","_themeisle_gutenberg_block_has_review":false,"footnotes":""},"class_list":["post-1775","page","type-page","status-publish","hentry"],"_links":{"self":[{"href":"https:\/\/stadtlaborgraz.at\/de\/wp-json\/wp\/v2\/pages\/1775","targetHints":{"allow":["GET"]}}],"collection":[{"href":"https:\/\/stadtlaborgraz.at\/de\/wp-json\/wp\/v2\/pages"}],"about":[{"href":"https:\/\/stadtlaborgraz.at\/de\/wp-json\/wp\/v2\/types\/page"}],"author":[{"embeddable":true,"href":"https:\/\/stadtlaborgraz.at\/de\/wp-json\/wp\/v2\/users\/1"}],"replies":[{"embeddable":true,"href":"https:\/\/stadtlaborgraz.at\/de\/wp-json\/wp\/v2\/comments?post=1775"}],"version-history":[{"count":2,"href":"https:\/\/stadtlaborgraz.at\/de\/wp-json\/wp\/v2\/pages\/1775\/revisions"}],"predecessor-version":[{"id":1777,"href":"https:\/\/stadtlaborgraz.at\/de\/wp-json\/wp\/v2\/pages\/1775\/revisions\/1777"}],"wp:attachment":[{"href":"https:\/\/stadtlaborgraz.at\/de\/wp-json\/wp\/v2\/media?parent=1775"}],"curies":[{"name":"wp","href":"https:\/\/api.w.org\/{rel}","templated":true}]}}

<div id="wp-block-themeisle-blocks-advanced-columns-63e191e0" class="wp-block-themeisle-blocks-advanced-columns alignwide has-2-columns has-desktop-oneTwo-layout has-tablet-equal-layout has-mobile-equal-layout has-vertical-unset has-default-gap"><div class="wp-block-themeisle-blocks-advanced-columns-overlay"></div><div class="innerblocks-wrap">
<div id="wp-block-themeisle-blocks-advanced-column-a8a1dc81" class="wp-block-themeisle-blocks-advanced-column"><div class="wp-block-image">
<figure class="alignright size-full is-resized"><img loading="lazy" decoding="async" width="400" height="400" src="https://stadtlaborgraz.at/wp-content/uploads/2022/09/katharina-Schwarz-Icon.png" alt="" class="wp-image-2888" style="width:200px;height:200px" srcset="https://stadtlaborgraz.at/wp-content/uploads/2022/09/katharina-Schwarz-Icon.png 400w, https://stadtlaborgraz.at/wp-content/uploads/2022/09/katharina-Schwarz-Icon-200x200.png 200w, https://stadtlaborgraz.at/wp-content/uploads/2022/09/katharina-Schwarz-Icon-12x12.png 12w" sizes="auto, (max-width: 400px) 100vw, 400px" /></figure>
</div></div>



<div id="wp-block-themeisle-blocks-advanced-column-c18f1063" class="wp-block-themeisle-blocks-advanced-column">
<h2 class="wp-block-heading"><strong><strong><strong><strong>Katharina Schwarz</strong></strong></strong></strong></h2>



<p><strong>Landschaftsarchitektur- und Landschaftsplanung</strong></p>



<p>T: <a href="tel:+436769055011" data-type="tel" data-id="tel:+436769055011">+43 676 905 50 11</a><br>E: <a href="mailto:katharina.schwarz@stadtlaborgraz.at">katharina.schwarz@stadtlaborgraz.at</a></p>



<p>Kathi hat uns als Praktikantin so vom Hocker gerissen, dass wir sie im Anschluss direkt ins StadtLABOR-Team geholt haben. Sehr zur Freude alle Teetrinker:innen im Büro, da Kathi uns immer wieder mit neuen Teesorten überrascht. Neben ihrem laufenden Masterstudium „Landschaftsarchitektur und Landschaftsplanung“ an der Universität für Bodenkultur in Wien unterstützt sie uns tatkräftig in zahlreichen Projekten. Ihre freundliche, hilfsbereite und gewinnende Art hat sie schnell zu einer geschätzten Ansprechpartnerin für alle Kolleg:innen und Projektpartner:innen gemacht.</p>



<p>Ihre Freizeit verbringt sie genau so aktiv wie ihren Arbeitsalltag, nämlich hoch zu Ross über die Felder gallopierend und immer mit einem wachen Blick für Neues.</p>
</div>
</div></div>
