{"id":1769,"date":"2022-04-15T11:05:44","date_gmt":"2022-04-15T09:05:44","guid":{"rendered":"https:\/\/stadtlaborgraz.at\/?page_id=1769"},"modified":"2022-04-15T11:16:16","modified_gmt":"2022-04-15T09:16:16","slug":"iris-pierer","status":"publish","type":"page","link":"https:\/\/stadtlaborgraz.at\/de\/iris-pierer\/","title":{"rendered":"PERSON: Iris Pierer"},"content":{"rendered":"\n<div id=\"wp-block-themeisle-blocks-advanced-columns-63e191e0\" class=\"wp-block-themeisle-blocks-advanced-columns alignwide has-2-columns has-desktop-oneTwo-layout has-tablet-equal-layout has-mobile-equal-layout has-vertical-unset has-default-gap\"><div class=\"wp-block-themeisle-blocks-advanced-columns-overlay\"><\/div><div class=\"innerblocks-wrap\">\n<div id=\"wp-block-themeisle-blocks-advanced-column-a8a1dc81\" class=\"wp-block-themeisle-blocks-advanced-column\"><div class=\"wp-block-image\">\n<figure class=\"alignright size-full is-resized\"><img loading=\"lazy\" decoding=\"async\" src=\"https:\/\/stadtlaborgraz.at\/wp-content\/uploads\/2022\/09\/Iris-Pierer-Icon.png\" alt=\"\" class=\"wp-image-2885\" width=\"200\" height=\"200\" srcset=\"https:\/\/stadtlaborgraz.at\/wp-content\/uploads\/2022\/09\/Iris-Pierer-Icon.png 400w, https:\/\/stadtlaborgraz.at\/wp-content\/uploads\/2022\/09\/Iris-Pierer-Icon-200x200.png 200w, https:\/\/stadtlaborgraz.at\/wp-content\/uploads\/2022\/09\/Iris-Pierer-Icon-12x12.png 12w\" sizes=\"auto, (max-width: 200px) 100vw, 200px\" \/><\/figure>\n<\/div><\/div>\n\n\n\n<div id=\"wp-block-themeisle-blocks-advanced-column-c18f1063\" class=\"wp-block-themeisle-blocks-advanced-column\">\n<h2 class=\"wp-block-heading\"><strong><strong>Iris Pierer<\/strong><\/strong><\/h2>\n\n\n\n<p>T: <a href=\"tel:+43316228946\">+43 316 22 89 46<\/a><br>E: <a href=\"mailto:iris.pierer@stadtlaborgraz.at\">iris.pierer@stadtlaborgraz.at<\/a><\/p>\n\n\n\n<p>Iris hat im StadtLABOR \u00fcberall ihre Finger im Spiel. Als Leiterin unseres B\u00fcroalltags, sorgt sie daf\u00fcr, dass alles klappt und die Arbeit rund l\u00e4uft. Sie hat alle unsere Projektdeadlines, Termine der Berichtslegungen und Abrechnungen im Blick. Vor dem StadtLABOR hat sie in Graz Biologie mit Schwerpunkt Botanik studiert, arbeitete in verschiedensten Projekten mit und war auch eine Zeit lang selbstst\u00e4ndig. Diese Berufserfahrungen teilt sie auch gerne mit uns.<br>Tagt\u00e4glich beweist die 2-fache Mutter ihr ausgepr\u00e4gtes Organisationstalent, wenn sie Dienstreisen, Meetings oder Events plant. Trotz der vielen Arbeit und der verschiedenen \u201eBaustellen\u201c ist sie immer freundlich und geduldig. Nur einer hat es sich mit Iris verscherzt: Der Drucker<\/p>\n<\/div>\n<\/div><\/div>\n","protected":false},"excerpt":{"rendered":"","protected":false},"author":1,"featured_media":0,"parent":0,"menu_order":0,"comment_status":"closed","ping_status":"closed","template":"","meta":{"neve_meta_sidebar":"","neve_meta_container":"","neve_meta_enable_content_width":"","neve_meta_content_width":0,"neve_meta_title_alignment":"","neve_meta_author_avatar":"","neve_post_elements_order":"","neve_meta_disable_header":"","neve_meta_disable_footer":"","neve_meta_disable_title":"on","_themeisle_gutenberg_block_has_review":false,"footnotes":""},"class_list":["post-1769","page","type-page","status-publish","hentry"],"_links":{"self":[{"href":"https:\/\/stadtlaborgraz.at\/de\/wp-json\/wp\/v2\/pages\/1769","targetHints":{"allow":["GET"]}}],"collection":[{"href":"https:\/\/stadtlaborgraz.at\/de\/wp-json\/wp\/v2\/pages"}],"about":[{"href":"https:\/\/stadtlaborgraz.at\/de\/wp-json\/wp\/v2\/types\/page"}],"author":[{"embeddable":true,"href":"https:\/\/stadtlaborgraz.at\/de\/wp-json\/wp\/v2\/users\/1"}],"replies":[{"embeddable":true,"href":"https:\/\/stadtlaborgraz.at\/de\/wp-json\/wp\/v2\/comments?post=1769"}],"version-history":[{"count":2,"href":"https:\/\/stadtlaborgraz.at\/de\/wp-json\/wp\/v2\/pages\/1769\/revisions"}],"predecessor-version":[{"id":1771,"href":"https:\/\/stadtlaborgraz.at\/de\/wp-json\/wp\/v2\/pages\/1769\/revisions\/1771"}],"wp:attachment":[{"href":"https:\/\/stadtlaborgraz.at\/de\/wp-json\/wp\/v2\/media?parent=1769"}],"curies":[{"name":"wp","href":"https:\/\/api.w.org\/{rel}","templated":true}]}}

<div id="wp-block-themeisle-blocks-advanced-columns-63e191e0" class="wp-block-themeisle-blocks-advanced-columns alignwide has-2-columns has-desktop-oneTwo-layout has-tablet-equal-layout has-mobile-equal-layout has-vertical-unset has-default-gap"><div class="wp-block-themeisle-blocks-advanced-columns-overlay"></div><div class="innerblocks-wrap">
<div id="wp-block-themeisle-blocks-advanced-column-a8a1dc81" class="wp-block-themeisle-blocks-advanced-column"><div class="wp-block-image">
<figure class="alignright size-full is-resized"><img loading="lazy" decoding="async" src="https://stadtlaborgraz.at/wp-content/uploads/2022/09/Iris-Pierer-Icon.png" alt="" class="wp-image-2885" width="200" height="200" srcset="https://stadtlaborgraz.at/wp-content/uploads/2022/09/Iris-Pierer-Icon.png 400w, https://stadtlaborgraz.at/wp-content/uploads/2022/09/Iris-Pierer-Icon-200x200.png 200w, https://stadtlaborgraz.at/wp-content/uploads/2022/09/Iris-Pierer-Icon-12x12.png 12w" sizes="auto, (max-width: 200px) 100vw, 200px" /></figure>
</div></div>



<div id="wp-block-themeisle-blocks-advanced-column-c18f1063" class="wp-block-themeisle-blocks-advanced-column">
<h2 class="wp-block-heading"><strong><strong>Iris Pierer</strong></strong></h2>



<p>T: <a href="tel:+43316228946">+43 316 22 89 46</a><br>E: <a href="mailto:iris.pierer@stadtlaborgraz.at">iris.pierer@stadtlaborgraz.at</a></p>



<p>Iris hat im StadtLABOR überall ihre Finger im Spiel. Als Leiterin unseres Büroalltags, sorgt sie dafür, dass alles klappt und die Arbeit rund läuft. Sie hat alle unsere Projektdeadlines, Termine der Berichtslegungen und Abrechnungen im Blick. Vor dem StadtLABOR hat sie in Graz Biologie mit Schwerpunkt Botanik studiert, arbeitete in verschiedensten Projekten mit und war auch eine Zeit lang selbstständig. Diese Berufserfahrungen teilt sie auch gerne mit uns.<br>Tagtäglich beweist die 2-fache Mutter ihr ausgeprägtes Organisationstalent, wenn sie Dienstreisen, Meetings oder Events plant. Trotz der vielen Arbeit und der verschiedenen „Baustellen“ ist sie immer freundlich und geduldig. Nur einer hat es sich mit Iris verscherzt: Der Drucker</p>
</div>
</div></div>
